osite number?
False
Suppose -4*u + 147263 = 137*n - 138*n, 5*u - 184095 = -2*n. Is u prime?
False
Let k(z) = 24*z**3 - 12*z**2 + 4*z + 19. Is k(9) a prime number?
False
Let h be -1 + (-15)/(-3) - (8 - -4689). Let c = -1356 - h. Is c a prime number?
False
Let q(m) = m**3 + 3*m**2 - 4*m + 3. Let v be q(-4). Suppose -4*j + 2*w = -2*w, -32 = -5*j - v*w. Is j - (-4)/((-16)/(-980)) a prime number?
False
Suppose 5*b = 0, -13453 - 58460 = -3*l - b. Is l a prime number?
True
Let u(x) be the first derivative of x**4/4 + 13*x**3/3 + 6*x**2 + 11*x - 9. Is u(-10) a prime number?
True
Suppose -54*f + 20 = -56*f. Is 1/(39/f + 4) a composite number?
True
Let v(d) be the second derivative of -d**5/20 - d**4/6 - 2*d**3/3 - d**2 + 11*d. Let w = 2 + -5. Is v(w) composite?
False
Let z(b) be the third derivative of -b**7/420 - b**6/72 + 7*b**5/120 + b**4/24 + b**3/3 - 3*b**2. Let w(g) be the first derivative of z(g). Is w(-6) prime?
True
Suppose 2*b + 14*b = 31184. Is b a composite number?
False
Suppose -35391 = -6*h + 495. Is h prime?
True
Suppose 0*j + 6 = 2*j. Suppose -3*g = -5*l + 11, -j*l + 0*g - 1 = 2*g. Is 9 - 2*l/(-2) composite?
True
Suppose 0 = -f + o + 7, 3*f + 9 = -4*o + o. Let j(x) = -f*x + 7 + 6*x + 2*x. Is j(4) composite?
False
Suppose 19*h = -7*h + 52. Suppose -5*c + 15 = 0, -2*m + 3*m + 2*c = 239. Suppose m + 445 = h*p. Is p a composite number?
True
Let z = 3682 + -2433. Is z composite?
False
Is 0/(-14) - (1 + 0 + -720) a prime number?
True
Let u(o) be the third derivative of 0 + 0*o**4 + 14*o**2 + 1/20*o**6 + 0*o - 1/15*o**5 + 1/6*o**3. Is u(3) a composite number?
False
Let z(q) = 3*q**2 + 4*q - 22. Let s(j) = -7*j**2 - 8*j + 46. Let c(y) = -4*s(y) - 9*z(y). Suppose 4*g + 32 = 8*g. Is c(g) prime?
False
Let y(d) = -d**3 + 11*d**2 - 6*d - 5. Suppose -5*b - 15 = -3*r, -5*r - 3 = -2*r + b. Suppose -g = 2*i - 8, r*g - 3 = -g + 3*i. Is y(g) a prime number?
True
Let o(j) = -3964*j - 33. Is o(-2) a prime number?
False
Suppose 5037 = 4*s - i, 4*i = -2*s + 6*i + 2520. Is s composite?
False
Let m(u) = -162*u - 17. Is m(-15) a composite number?
True
Suppose -706*t + 1952 = -702*t. Let x = -79 + 10. Let y = t - x. Is y composite?
False
Let x be (-35)/2*204/(-5). Let i = -437 + x. Is i a composite number?
False
Let u = -1541 - -3662. Suppose 5*p - 4060 = -5*g, -2*p + 4*g = -u + 527. Is p a prime number?
False
Let x be 0/5 + 549*19. Is 4/(-40) - x/(-10) prime?
False
Let z(a) = a + 10. Let y be z(-6). Is 6/y + 5 + 2276/8 a composite number?
True
Is ((-21)/14)/((-4)/(1044232/21)) a prime number?
False
Let d = -5913 - -8912. Is d composite?
False
Is 914469/75 + 22/275 composite?
True
Let x(i) be the second derivative of 139*i**3/6 - 21*i**2 - 53*i. Is x(17) a composite number?
True
Let g(f) = -3*f - 12. Let z be g(-5). Suppose 0 = b - 4*y - 25, 0*y - 3*y - 39 = -z*b. Suppose b*h = 4*h + 165. Is h a prime number?
False
Suppose 0 = -6*r - 467 - 55. Let y = 210 + r. Is y composite?
True
Let n(r) = -25*r - 18. Let s(g) = 13*g + 9. Let l(h) = -6*n(h) - 11*s(h). Let f(c) = -c**3 + 9*c**2 + 13*c - 24. Let j be f(10). Is l(j) prime?
False
Suppose 5*v - 2870 = 6975. Is v a composite number?
True
Let s(d) = d**3 - d**2 + 5702. Is s(0) a composite number?
True
Suppose 5*n - 948 - 192 = 0. Suppose -4*h + 5 - 21 = 0, 3*m + n = 3*h. Let y = -45 - m. Is y a composite number?
True
Let u(y) = 4605*y + 2. Is u(3) a composite number?
True
Let u(l) = -10*l**3 - 17*l**2 - 13*l + 17. Is u(-8) a composite number?
False
Suppose -6567 = -5*v + 13378. Is v composite?
False
Suppose k + 2*o + 19494 = 98923, -4*k - 2*o = -317692. Is k a prime number?
False
Let v(x) = -14*x**3 + 4*x - 13. Is v(-8) a composite number?
True
Suppose -3*a = -7 - 5. Suppose -v - 7 = j, -2*j = -a*j - 8. Is (-29)/(v/12*2) a prime number?
False
Is 1/((80/717016)/10) composite?
False
Is (-2389)/2*-1 - 9/(-18) composite?
True
Let n(r) = r**2 + 4*r + 4. Let g be n(-5). Let b = -4 + g. Suppose -356 = b*h - 9*h. Is h a composite number?
False
Suppose 0 = -0*j - 3*j + 36. Is (0 + (-2067)/j)*-4 a prime number?
False
Let j = 16035 - -3683. Is j composite?
True
Let q(w) = w**2 - 14*w + 47. Let g be q(9). Let o be (-1 - 1) + 840/(-3). Is (o - g)*(-1)/4 prime?
True
Suppose 2*w - 39936 = 97522. Is w a prime number?
True
Let n = -298 - -7560. Is n a composite number?
True
Let y(j) = -j**3 + 8*j**2 + 9*j - 1. Let a be y(9). Let z be a/(4*(-3)/(-84)). Is (-79)/z + 4/(-14) a composite number?
False
Suppose -20*h + 4 = -18*h. Suppose -3*s = h*s - 5300. Let t = 2211 - s. Is t a prime number?
True
Suppose 0 = -0*k - 0*k + 5*k. Suppose -3*m + 2133 = -2*x, k*m - 5*x - 1411 = -2*m. Is m prime?
False
Let r(s) = 726*s**2 - 48*s + 25. Is r(13) composite?
True
Let v(y) = -y**3 - 2*y**2 + 9*y + 4. Let d be v(-4). Suppose j - 2678 = -t, j = -d*t - 2*t + 2673. Is j a composite number?
False
Is 1/3*(-1 - -30184) a composite number?
False
Let x(v) = v**2 - 11*v - 10. Let d be x(12). Let q(m) = -4*m + m**2 + 3*m**3 - 5 + 13*m**2 - d*m**3 + 0*m**3. Is q(-14) a composite number?
True
Let n(q) = q**3 + 12*q**2 + q - 7. Suppose -d - 3*m = -0*m - 17, -5*d + 9 = -4*m. Suppose -i + 21 = -t + 2*i, d*t = i - 35. Is n(t) a prime number?
False
Let p(c) = -27*c + 17. Let n be p(9). Is (n/4)/((-5)/30) a composite number?
True
Suppose 0 = -2*s - 3*y + 3980, 11*s - 10*s - y - 1985 = 0. Is s a composite number?
False
Let p(g) = -g**3 - 13*g**2 - 25*g - 11. Let c be p(-11). Suppose 0 = -20*o + c*o - 1574. Is o a prime number?
True
Suppose 536 = d + 4*y, -d + 168 = 5*y - 365. Suppose -5*l + 955 = -0*l. Suppose d = 3*h + l. Is h a composite number?
True
Suppose -36*h + 27010 = -26*h. Is h prime?
False
Suppose -z - 4*d + 2655 = 0, -45*d - 2 = -43*d. Is z prime?
True
Let g(p) = -2*p - 19. Let s be g(-11). Suppose 5359 = -q + 5*q + s*m, -m = -1. Is q composite?
True
Suppose 3*j + 0*j - 630 = 0. Suppose 0 = -5*a + 55 + j. Is a prime?
True
Let c = 6 - 3. Let w be 1/c + (-58)/(-6). Suppose w = j - 21. Is j prime?
True
Suppose 3 = 5*u - 12. Let p(k) = -u*k**2 + 0 - 5 + 3*k**3 + 4*k**3 - 3*k - 6*k**3. Is p(6) prime?
False
Let k = -15 - -17. Let v(x) = -x - 5. Let z be v(k). Let o(i) = 5*i**2 + 9*i + 5. Is o(z) prime?
False
Let j = 72 - 170. Is 2721/7 + 7/(j/(-4)) a prime number?
True
Suppose -2*i + 18 = n + 3*n, -n + 2 = 0. Let a(o) = o**3 + 2*o**2 - 10*o - 6. Is a(i) a prime number?
False
Suppose g - 120 = -2*g. Let f be 2 - (14 + 3/3). Let y = g - f. Is y prime?
True
Suppose 0 = -5*b - j + 8, 3*b + 4 = -0*b - 5*j. Suppose 2 = -v + b*v. Suppose -6 = -s - v*s. Is s a prime number?
True
Suppose 0 = 8*z - 3*z - 465. Suppose 3*j - 4 = k, -5*k - 5*j = z + 7. Is (-4)/k - (-2342)/8 composite?
False
Let u be -5 + 2 - (-52)/2. Let b be (-40)/50 - (-314)/5. Let o = b - u. Is o a prime number?
False
Suppose 51*y - 34151 = 38*y. Is y a prime number?
False
Suppose 4*c + 2*q = 6*c - 2122, 3*c - 3183 = -q. Is c a composite number?
False
Is ((-8476)/6)/(1/3*-2) a composite number?
True
Let l be (-14)/63 - (-2)/9. Suppose -5*j - 4*c = 1810, l*j + 5*c - 1407 = 4*j. Let b = j - -649. Is b prime?
False
Let u(j) = 1217*j + 89. Is u(30) prime?
True
Let i = 1 - -1. Suppose i = -p - 7. Is 474/p*(-9)/6 a composite number?
False
Let q = -11752 - -18520. Is -2*2 - q/(-6) - 1 a composite number?
False
Suppose 4*u - 3*u - 2 = 0. Suppose 4*a + 945 = u*t + 23, -5*t - 2*a + 2317 = 0. Is t prime?
True
Let b = 28 + -28. Suppose b = -2*l + 39 + 895. Is l a prime number?
True
Suppose 29801 = 9*v - 14812. Is v composite?
False
Let i(z) = -4*z + 16. Let u(x) = 3*x - 16. Let m(q) = -2*i(q) - 3*u(q). Let b be m(13). Suppose -3*j - 2*l = -j - 28, 5*j = b*l + 110. Is j a prime number?
True
Let y(f) = -81*f + 0 - 7 + 50*f. Is y(-18) a composite number?
True
Let o = 3539 + -2102. Is o composite?
True
Is ((-10007)/(-1))/(57/57) prime?
True
Suppose 23 = d + 23. Is 5822/(-2)*(d - -1)/(-1) composite?
True
Let r = -6 - 0. Let s be (4/r)/((-6)/(-18)). Is -3 + 2/s - -743 composite?
False
Let o = 929 - 623. Suppose h - o = -3*a - 2*h, -3*a - 5*h + 316 = 0. Is a composite?
False
Suppose -6*f = -10*f + 6392. Let y = -834 + f. Suppose 5*r = 4*l + 1335, l = 3*r + 6*l - y. Is r composite?
False
Is ((-4)/24)/(3/(-131346)) a composite number?
False
Suppose -3*w - 3 + 0 = 0, w - 51963 = -4*m. Is m a prime number?
False
Let z(o) = 